3, 73
Let f(v) = -v**3 - v**2 - 6*v + 16. Let s = 33 - 40. Let n be f(s). Let a = -204 + n. List the prime factors of a.
2, 37
List the prime factors of (-2)/(-21) - (-52975518)/1827.
2, 11, 659
Let y = -35 - -75. Suppose -7*f = 426 - 195. Let g = y + f. List the prime factors of g.
7
Let l(z) = -z**3 - 7*z**2 - 42*z - 15. Let u be l(-10). Let b = u + 270. List the prime factors of b.
3, 5, 13
Let t(n) = 6*n**2 - 165*n - 198. List the prime factors of t(-25).
3, 853
Let j(i) = -34*i + 13. Suppose 10 = 2*t + 3*z, -4*z - 25 = -5*t - 6*z. Suppose -2*q + t*w = 11, -w + 1 = -0. List the prime factors of j(q).
5, 23
Let m(y) = -11*y + 16. Let k = 9 - 28. Let h be m(k). Suppose 0 = 2*t - 5*t + h. What are the prime factors of t?
3, 5
Let j(p) = -p**2 - 18*p + 4. Let x be j(-18). Suppose -l = -2*v - 966, x*l + 2*v - 1920 = 2*l. What are the prime factors of l?
2, 13, 37
Suppose -9*l = -4*l - 7*l + 37184. List the prime factors of l.
2, 7, 83
Let b(x) = -277*x**3 + 3*x**2 + 5*x + 5. List the prime factors of b(-2).
3, 13, 19
Let u = 7 + 18. What are the prime factors of 18290/u - 12/(-30)?
2, 3, 61
Let l(u) = u**3 + 55*u**2 - 4*u - 2092. What are the prime factors of l(-48)?
2, 3557
Let n = 595 + -577. Let j = n + 1220. What are the prime factors of j?
2, 619
Suppose 226747 = 79*m - 94941. What are the prime factors of m?
2, 509
Let o(q) = -238*q**3 + 4*q**2 + 4*q + 1. Let r(z) = z**2 + 4*z - 6. Let p be r(-5). What are the prime factors of o(p)?
239
Suppose f - 1813 = -4*x, -2*f - 3*x + 901 = -2750. Let z = f - 1285. What are the prime factors of z?
2, 137
Let u(x) be the first derivative of -77*x**2/2 + 93*x + 42. What are the prime factors of u(-3)?
2, 3
Let c(i) = 272*i + 42. Let w(k) = 3*k + 1. Let j(z) = c(z) + 5*w(z). What are the prime factors of j(4)?
5, 239
What are the prime factors of (-8032667)/(-2619) + 4/(-54)?
3067
Let f(c) = c**2 - 15*c + 6. Let g = 105 - 97. Suppose -2 = -g*k + 150. List the prime factors of f(k).
2, 41
Suppose 25*p + 16 = -r + 30*p, -4*r - 3*p = -28. Suppose 5*k = 4*k, -r*g + 1920 = -3*k. What are the prime factors of g?
2, 3, 5
Let m(k) = -145*k + 2. Let c be m(-1). Suppose -2*i - a - 237 = -7*i, -a = 3*i - c. List the prime factors of i.
2, 3
Let x = -13 + 25. Let d(w) = -w + 17. Let k be d(x). Suppose -2*v + 19 = -v - o, 0 = o + k. What are the prime factors of v?
2, 7
Suppose 1266 = -22*m + 3994. Let r = 150 + m. List the prime factors of r.
2, 137
Let o(u) = -16*u**2 + 38*u + 48614. What are the prime factors of o(0)?
2, 109, 223
Suppose 3*s + 3*p = 35862, 0 = -8*s + 13*s + p - 59794. What are the prime factors of s?
2, 5, 13, 23
Let m(t) = 7*t - 11. Suppose 3*h = 3*r + 72, 3*h - 4*r + 100 = 6*h. Let x = h - 22. List the prime factors of m(x).
31
Let f be (210/(-8))/((-6)/24). Suppose 0 = -3*q - f - 252. Let l = -22 - q. List the prime factors of l.
97
Let h(d) = 10*d + 4*d**2 + 3*d**3 + 7 - 10*d**2 - 3*d - 2. Let x(t) = t**3 - 18*t**2 - 3*t + 59. Let u be x(18). List the prime factors of h(u).
5, 53
Let g = -9688 - -20558. What are the prime factors of g?
2, 5, 1087
Let c(p) = -4*p + 2. Let w(g) be the third derivative of g**4/6 - g**3/6 - 10*g**2. Let t(i) = 3*c(i) + 4*w(i). What are the prime factors of t(1)?
2, 3
Let q = 216 + -624. List the prime factors of (-26)/(-5)*(-58 - q).
2, 5, 7, 13
Suppose 2*j + 16 = 5*p, 4*j + 5*p - 3*p - 16 = 0. Let d(r) = r**2 + 44*r - 602. Let f be d(-55). List the prime factors of f*(-144)/(-15) + j/10.
29
Suppose 14*l - 219 + 149 = 0. Suppose 0 = -3*k - r + 979, l*r + 1307 = 4*k + 6*r. What are the prime factors of k?
2, 41
Let a = 46 + -46. Suppose -8*w = -a*w - w. Suppose w = 31*x - 27*x - 52. List the prime factors of x.
13
Suppose 0 = -x + 2*h + 9, -2*x - 2*h + 2 = 2*h. Suppose -5*l + 1 = 5*o - 24, 17 = 4*o + x*l. List the prime factors of o + 11 + (-3)/1.
2
Let z be (1/(-2) - -2)/(42/(-1288)). Suppose -5*l + 329 = -211. Let a = z + l. What are the prime factors of a?
2, 31
Let c(l) = -l**3 - 19*l**2 - 36*l - 28. Let n be c(-17). Let y(r) = 3*r**3 + 5*r**2 + 2*r - 84. List the prime factors of y(n).
2, 3, 7
Suppose -8*s - 5310 = -17*s. Suppose 5*l - 2*l + f = s, 0 = -l - 2*f + 205. Suppose l + 207 = 6*o. List the prime factors of o.
67
Let n(i) = -2*i + 21. Let p be n(14). Let g be p/(-2)*(-16)/(-28). Suppose -k = g*k - 2*r - 427, r + 142 = k. What are the prime factors of k?
11, 13
Let o(g) = 5537*g - 48. What are the prime factors of o(1)?
11, 499
Let y(m) = m**3 - m**2 + 4*m - 3. Let a be y(2). Suppose -4*q + 7*q = -a, -3*k + 420 = -4*q. Let u = 231 - k. What are the prime factors of u?
5, 19
Suppose 2*d + 5*w - 4828 = 0, 13*w + 4852 = 2*d + 12*w. Suppose 0 = -6*k + 276 + d. What are the prime factors of k?
2, 3, 5
Let n(a) = a**2 - 6*a - 3. Let l be n(7). Suppose -d = -5*s - 235, -l*s + 31 - 219 = 2*d. List the prime factors of (1 - 124/(-6))/(s/(-141)).
5, 13
What are the prime factors of 34329/((-14)/504*-27)?
2, 11443
Suppose 3*z - 8*z - 590 = 0. What are the prime factors of (z/(-5) + -4)/(1/10)?
2, 7
Suppose -3*q + 6*q + 5*w - 19 = 0, 4*q + 4*w = 20. Suppose 3*l + 75 = 3*p, -q*p + 69 = -0*p - l. Let y(k) = 9*k - 12. List the prime factors of y(p).
2, 3, 31
Suppose -2*b - 19 = 5*a, 5*a - 9*a + 5*b = 2. Let y(x) = -78*x + 7. What are the prime factors of y(a)?
241
Let p be (-2 - -7)*(-32)/80. Let y(h) be the first derivative of -93*h**2/2 + 7*h + 1. List the prime factors of y(p).
193
Let a(g) = -g - 4. Let u be a(8). List the prime factors of -940*(-4 + (-42)/u).
2, 5, 47
Suppose 31*l = 6*l + 400. Let m(x) = -x**3 + 18*x**2 + 25*x - 97. What are the prime factors of m(l)?
5, 163
Let n = -385 - -385. Suppose -10*c - 518 + 9568 = n. List the prime factors of c.
5, 181
Suppose 0 = -u + 2*s + 21646, 5*u = -3*s - 1390 + 109659. List the prime factors of u.
2, 5413
Let r = 9 - 6. Let s(y) = 7*y**2 - 1 + 14*y - 23*y - 8*y**2 + 2*y**3. List the prime factors of s(r).
17
Let r be 0 + 0 - (18 - 926). Let q be (r/5)/(6/30). Suppose -5*c = -4*n + q, -c - 4*c = -20. List the prime factors of n.
2, 29
Suppose -7*r - 925 = -4050 - 10651. What are the prime factors of r?
2, 3, 41
Suppose 14491 + 50693 = 12*f. List the prime factors of f.
2, 7, 97
Let z(p) be the third derivative of 13*p**5/60 + p**4/24 + 7*p**3/6 + p**2 - 101. List the prime factors of z(9).
1069
Let h be (-44)/1 - (3 - 5). Suppose 548 = 4*b + 12*y - 14*y, 5*b + y = 692. Let t = b - h. What are the prime factors of t?
2, 3, 5
Let r be (17/(-4))/((-1)/(-52)). Let o = r + 511. Suppose 2*x = o - 94. List the prime factors of x.
2, 7
What are the prime factors of 6893 + (35/(-7)*1 - -13)?
67, 103
Let y(w) = -2*w**3 - 8*w**2 + 22*w - 6. Let f be y(-8). Suppose 4*d + 620 = -5*k, 0 = 2*d - 5*d - 4*k - 466. Let s = f + d. List the prime factors of s.
2, 3, 5
Suppose 6*w + 2*w - 40 = 0. Let j(f) = -f**2 + 6*f - 5. Let c be j(w). List the prime factors of (6 - -23) + c + -1.
2, 7
Let r(t) = -t**2 + 16*t - 41. Let j be r(13). Let v be j + 2 + 0 - 8. Let l(a) = -a**3 - 3*a**2 + 12*a + 12. List the prime factors of l(v).
2, 59
Suppose 4*n - 8*n = 2*b - 16, n + 3*b - 9 = 0. Suppose 2*y - 5*a = 903, -n*y - 5*a + 1364 = -3*a. List the prime factors of y.
2, 227
Let a be -3 + ((-28)/4 - -4). Let k(x) = -60*x - 24. Let i be k(a). Suppose -3 = -t - 0, -3*w + i = 5*t. List the prime factors of w.
107
Suppose -3*l + 1112 - 374 = 0. Suppose 6*z - l = 282. Suppose 0 = -y + 5*v + z, 0 = -5*y - 5*v + 729 - 169. What are the prime factors of y?
2, 3
What are the prime factors of (-2 - 9131/3)/(220/(-660))?
9137
Suppose 2*k + 4 = w - 14, 5*w + 5*k = 30. List the prime factors of (-21546)/(-135) + (-6)/w.
3, 53
Let g = 115 - 111. Suppose 3*c - 8*r + 9*r - 1259 = 0, -g*c + 1696 = -3*r. What are the prime factors of c?
421
Let f(v) = v**2 - 2*v - 11. Let d be f(5). Suppose -d*k - 30 + 2 = 0. What are the prime factors of (-2)/k + 3642/42?
3, 29
Suppose 8 = 2*u, -5*m + 292676 = 5*u + 52416. What are the prime factors of m?
2, 3, 7, 11, 13
Let d = -2 + 2. Let x = 1946 - 1944. Suppose -5*v = -l + 54, d*v + 150 = x*l + 4*v. What are the prime factors of l?
3, 23
Let v = 13 - 6. Let q(w) be the second derivative of w**3 + 5*w**2/2 - 392*w. List the prime factors of q(v).
47
Let f = 2654 - 4935. Let n = f - -3226. List the prime factors of n.
